1 - 95 - -248 - (1 - -22)?
19
Evaluate -17 + (18 - 7) + -2 + (24 - -2 - -1).
19
Calculate -26 + (7 + -1 - (-269 + 261)) - (-1 - 89).
78
Evaluate (1228 - 1378) + (2 - -86).
-62
Calculate 92 + -98 + -10 + 19 + 0 + -16.
-13
(62 - -14 - -8) + -13 + 15 + 21
107
Calculate -1 + 5 - (-2 - (-3 + -63) - (-16 + 18)).
-58
-136 + 44 + 91 + -1 + 51 + 3
52
Calculate 76 - (22 - -11) - 37.
6
Evaluate 33 - 0 - (-21 - (-22 - 8)).
24
Calculate -33 - (23 + -58 + 4) - (0 + -2) - 49.
-49
Calculate -7 + 142 + 45 - 107.
73
-2 + 9 + -12 + (14 - (-13 + (0 - -4)))
18
What is (-2 - 4 - (-1 + 6 - -13)) + -7?
-31
3 - 26 - (92 - (78 - 8))
-45
What is the value of -3 + 35 + (-2 - -3 - 4) - (-3 - -10)?
22
80 + -105 + 24 + (-4 - -55)
50
What is the value of (-2 + (-3 - 5) - (-17 - 8) - 4) + -7?
4
125 + (6 - (1 - -1)) + (70 - (2 - -68))
129
What is the value of 27 + (13 - -5) + -18 + -1 + 12?
38
What is (195 - 267) + 115 + (-155 - 2)?
-114
69 + -70 + 74 + -53
20
Evaluate -15 + (117 + -58 - (-3 + -11)) + -18.
40
Calculate (17 - 2) + (4 + -12 - -5) - (126 - 28).
-86
Calculate -1 + (6 - (-6 + 11 - 8) - -5) - 75.
-62
27 + 93 - (52 - 14 - 0)
82
What is 12 + -40 + 49 + -53?
-32
What is the value of -12 + 13 + -7 - (12 - (31 + -11 + 25))?
27
What is the value of 12 + -1 - ((-95 - -59) + 13)?
34
Calculate (6 - -64) + -312 + 267.
25
Evaluate (7 - (-34 - -22)) + (8 - 4).
23
Evaluate (2 - 59) + -22 + -13 + 18 + 19 - -6.
-49
Calculate -20 + -7 + 4 + (2 - (10 + 19 + -32)).
-18
What is the value of 7 + 7 + -11 + (-20 - (2 + -67))?
48
Evaluate -6 - (-5 - ((28 - 8) + -13)) - -50.
56
What is -2 + -2 - (-40 - -31 - 1)?
6
What is (-2 + -1 + -4 - (-11 + 6)) + -3 + 1?
-4
(-43 - 24 - -55) + 4
-8
What is -396 - -403 - (0 - -7 - 12 - (101 + -1))?
112
What is the value of 42 + 118 + 44 + -120?
84
Calculate -151 + (0 - (-1 + -1 + -70 + 66)).
-145
What is the value of -91 - -137 - 168 - -238?
116
-104 - -93 - (-2 - (-53 - -12))
-50
What is 46 + (41 - 22) + -93?
-28
Evaluate 12827 - 12826 - (-2 + 0 + 0 - -97).
-94
What is the value of (2 + 0 - 13) + (-3 + 16 - (-240 - -252))?
-10
Calculate 36 + -121 + 80 + (-77 - 1).
-83
Calculate 14 + (-4 + 7 - 18) + -44 + 35 + 9.
-1
What is (14 - -1) + (114 - 176) + -34?
-81
Calculate 41 + (-40 - -17) + -14.
4
What is the value of 4 + 3 + (4 - 6) + 22?
27
What is the value of (1 - -2) + (2 - 79 - (-22 + -5))?
-47
What is the value of 36 - (-39 - -40) - 39 - 33?
-37
Evaluate 9 - -33 - (73 + 12).
-43
Evaluate 16 + (-20 - -14 - 13) - (-67 - -4).
60
Evaluate -50 + 80 + -97 + 20.
-47
Evaluate -16 - (5 + -53 + -8).
40
Calculate -77 - -200 - (3 + 0 + 10 + (-17 - 3)).
130
What is the value of (-168 - (-294 - -123)) + -1 + 22 + -1?
23
What is -18 - (-8 + (7 - 20)) - -10?
13
What is the value of 11 - 102 - (-179 - -169 - (0 - 15))?
-96
Evaluate -22 - (15 + -55) - ((3 - 1) + 3).
13
What is -9 + (3 + -8 - (-10 + 15)) + -10?
-29
Calculate (-200 - -76 - -88) + 112.
76
What is the value of 27 - (-47 - (-91 - -71))?
54
Calculate 37 - (-29 - (-94 + 36)) - (59 + 0).
-51
5 + -1 + 15 + -10 + 3 - 8
4
Calculate -2 - (-27 - 2) - (-32 + 46).
13
What is the value of -6 + 18 + -18 + 23 + -18 - (0 + 7)?
-8
What is 10 + -29 - (-18 + 16) - -12?
-5
What is (62 + 122 - 19) + -96?
69
What is the value of -8 - ((-42 + 41 - -7) + (-4 - (3 + -14)))?
-21
What is the value of 16 + (-64 - -1) + (-7 - 19)?
-73
Calculate 17 + -85 + -3 + 1 - (16 - 25).
-61
What is the value of 22737 + -22689 - (4 + -2 - 24)?
70
Calculate -89 + (2 - (0 + 0)) + (185 - 82) + -99.
-83
What is the value of (1 - -40) + (49 - 103) + -122?
-135
Evaluate 42 - (-9 - (-14 + 40 + -7 - 14)).
56
Evaluate -46 + -39 + 37 + 66.
18
What is 11 + (-42 - ((75 - 35) + -20))?
-51
What is the value of -10 + (24 - 34) + 28 - ((1 - 45) + -1)?
53
What is 34 + 24 + (5 - 148)?
-85
What is the value of -62 - (-60 - -100) - -63?
-39
Evaluate -4 + (26 - (-12 - -20 - 20) - (-2 + 11)).
25
What is -16 - (-6 - 2) - -1 - (6 - (15 - 15))?
-13
-40 - 2 - (14 + 15 + (12 - (28 - 2)))
-57
What is the value of -84 - ((20 - 112) + 41)?
-33
Evaluate 12 - (-7 - (0 + -16 + -23)).
-20
Evaluate -52 + -21 + 44 - -42.
13
What is -2 + 34 + -37 + 40?
35
What is 0 - ((11 - -47) + -49)?
-9
What is the value of -1 - (49 - 28) - -27 - (2 + 33 + 1)?
-31
Evaluate -10 + 40 + (52 - 43) + 23.
62
Calculate 41 + -65 + -19 - -25.
-18
Evaluate (-17 - (32 - (4 + -1))) + -26.
-72
What is the value of -24 + -5 + -15 + 139 + -128?
-33
Evaluate (-23 - -9) + (1 - (2 - -2)) + -24.
-41
What is the value of -10 + (182 - 38 - (-1 - -7)) + -11?
117
What is 59 + 0 - (4259 + -4294)?
94
Calculate (27 + -13 - 32 - -27) + 6.
15
What is the value of -96 + 120 + 19 + 17?
60
Calculate 95 + -32 + (37 + -38 - -6).
68
-26 + (12 - 4) + 3 + -48 + 29
-34
Calculate (3 - -4 - -5) + (-1 - 8) + 6.
9
Evaluate 67 + (-2 - 51) - (68 - -1) - 19.
-74
What is the value of (57 - 8 - (-3 - 0)) + (-376 - -369)?
45
-10 - ((-88 - 0) + (-23 - 4 - (-1 + -15)))
89
Evaluate (3 - 36) + 36 + 11.
14
(-1 - ((23 - 29) + (0 - 5))) + 20
30
What is 82 + -30 - (1 - 8) - ((1 - -4) + 5)?
49
What is the value of -28 - (-8 + 16 - 65) - 68?
-39
Evaluate 13 - (-2 - (14 - 25)) - -67.
71
Evaluate 1888 + -1901 - (-2 - (-1 - 68)).
-80
Evaluate -32 - (-35 - (74 + -63)).
14
Evaluate -2 + 11 - (24 - (0 + (39 - 2))).
22
Evaluate -35 - (8 - ((-1 - -15) + 10)).
-19
(2 + 41 - 75) + -37
-69
Evaluate -63 + -2 + (-59 - -36) + (35 - 8) + -6.
-67
What is -72 - -185 - 19 - -9?
103
Calculate -56 - (8 - (-11 + 49)).
-26
Calculate 179 + -169 + (-1 - 10) + (7 - 6).
0
What is 3 - 3 - (160 - 114)?
-46
What is -102 + (0 - (-2 + -49))?
-51
Evaluate (21 - 71 - -39) + (4 - 2).
-9
Calculate -2 - 0 - (-3914 + 3973).
-61
What is 44 - (-13 + 0 + (-3 - 16 - (-5 + -21)))?
50
What is 62 + -13 + (-198 - -181)?
32
What is 40 + 17 + -1 + (88 - (42 + 45))?
57
What is the value of 28 + (-52 + 23 - -27)?
26
What is the value of (0 + -3 - (-13 - -20 - 1)) + 0 - 13?
-22
What is -4 + (594 + -568 - (-1 - -24))?
-1
Evaluate 12 + (8 + -10 - -31) + (3 - 5) + -5.
34
Evaluate (8 - 15) + (-9 + -6 - 10).
-32
Calculate 2 + -1 + -107 + 29 + 11.
-66
Calculate (-2 - (18 + -12 + 21)) + 76.
47
(-40 - (-40 + 19 + 9)) + -78
-106
(-20 - -29) + -7 + -2 + 98 + -15
83
Calculate 24 - (2 + (14 - 12) + -3).
23
What is the value of (0 - 25) + 23 + (-15 - -17)?
0
What is the value of (-12 - -79) + (-5 + 4 - -1)?
67
9 + (-3 - -11) + (2 - 0)
19
Evaluate -3 - 18 - (72 + -73) - 18.
-38
What is 69 + 57 + -36 + (47 - 44)?
93
What is the value of -5 + (-1 - (1 - -2)) - ((17 - 27) + -10)?
11
Evaluate (-63 - -95) + 46 + -35.
43
What is -45 + 33 + -4 + 5 + 3 + (-31 - -42)?
3
50 - ((-159 - -183) + 129)
-103
(-11 - (20 + (-11 - 2 - -6))) + 159
135
What is the value of 1 - (-14 + (24 - (-6 - 0)))?
-15
Calculate 52 + 0 + (-1057 - -1127).
122
(-23 - (20 + -25)) + -7 - (1 - 0)
-26
Calculate (96 + -202 - -243) + -4 + -13 + 5.
125
Calculate (-7 + -9 - 9) + -12 - (10 - 3).
-44
Calculate -74 - ((2 - 1) + -3 - -3) - (-60389 + 60373).
-59
What is -50 + -7 + 7 - (20 + -19 + 15)?
-66
(-18 - 0) + (-25 - -10 - -26) + -8 + 3
-12
What is the value of 65 + (28 + -63 - -14) + (-1 - -10) + 1?
54
Evaluate 7 + (137 - ((-6 - 18 - -36) + -18)).
150
(-1 - -15) + -29 + 12 - 11
-14
What is the value of -42 + (26 - 19) + 10 - 19?
-44
Calculate 2 - (-74 - (-92 + -22) - (1 - 0)).
-37
What is 8 + (1 + 5 - (-12 + -21 + 31)) + 65?
81
Evaluate (-67 - (-2 - 0)) + (-33 + 0 - -35 - -4).
-59
Evaluate (-15 + -7 - -36) + -41 - -37.
10
Calculate -78 + 78 + -109 + 30.
-79
What is the value of 3 + (44 - (-35 + 11 - (-15 + -3)))?
53
What is (-9 - (6 + (-4 - 21))) + -9 - (-2 - -36)?
-33
What is 3 + -1 - ((80 - 107) + (51 - -7))?
-29
What is the value of (85 - 127) + 62 + -43?
-23
What is -6 + -2 + 5 + -6 + 28 + -24 + 43?
38
Calculate -11 + (114 - (-23 - -100)).
26
Evaluate -9 - -82 - ((-3 - -2) + 16 + 114 + -119).
63
Calculate -1 + 16 - (-43 - (-17 + 2)).
43
13 - (-4 - -1) - (-70 + 71)
15
What is -7 + -9 - (6 - (14 + -4)) - (-9 + -13)?
10
What is the value of 12 - (20 + (-2 + (-23 - -8) - -7))?
2
(-144 - (-181 - 13)) + -108
-58
What is the value of -19 + 1 - (-7 - 5) - -43?
37
Evaluate -36 - (-15 + (-1 + -9 - 3 - -19)).
-27
Calculate 32 + 34 + 29 + 41 + -54.
82
(160 - 203) + (-1 - (2 - 4))
-42
Calculate 50 + -10 - 53 - 1.
-14
What is -23 + 2 - 11 - ((6 - -16) + -12)?
-